 + 27*x**2 - 2*x. What is the hundreds digit of c(4)?
8
Let h = -4656 + 10580. What is the thousands digit of h?
5
Suppose 181*c = 188*c - 19586. What is the units digit of c?
8
Suppose 0*i - 5966 = -3*i + 4*t, 9945 = 5*i - 5*t. Suppose 5*v - i = -5*j, 0 = j + 5*v - 190 - 228. What is the hundreds digit of j?
3
Let t be (-6 - 45/(-2))*2. What is the tens digit of (1145 - -1)*(34 - t)?
4
Let m = 660 + -429. Let b = m - -122. What is the tens digit of b?
5
What is the hundreds digit of (3544/16 - -8)/((-18)/(-396))?
0
Let j(p) = p**2 + 25*p - 4. Let u be 1 + 4*(-26)/4. Let m be j(u). What is the units digit of (-1)/m*789 - (-13)/(-52)?
7
Suppose b + 6*b = 1365. Let d = 105 - b. What is the units digit of (d/(-1) - -3)*(-3)/(-9)?
1
Suppose -4*u = -s + 30, -2*s - 5*u + 4*u + 33 = 0. Let i = -6 + s. Suppose i*q - 665 = 799. What is the units digit of q?
2
Let z be (-1 - (-532 + -5)) + -8. Let j = 822 - z. What is the units digit of j?
4
Let t be 7/(-21)*(4 - 4). Suppose x + 5*m = 3*x - 934, t = 4*x - 4*m - 1856. What is the hundreds digit of x?
4
Suppose 0 = 5*i - 7*i + 268. Let c(x) = -129*x - 845. Let g be c(-8). Let f = g - i. What is the tens digit of f?
5
Let d = 65475 - 8671. What is the units digit of 1/3 - d/(-66)?
1
Let q(a) = 1243*a**3 - 2*a**2 - a + 2. Let z be q(2). Suppose -11*u - 300 = -z. What is the hundreds digit of u?
8
Suppose -g = 5*m - 4*g - 40, 0 = 3*m - 5*g - 40. Let h be 2/(m/90*3). Suppose 16*u - h*u = 104. What is the units digit of u?
6
Suppose -194 = -193*o + 185 + 200. Let g = -891 - -232. What is the tens digit of (16/24)/(g/(-219) - o)?
7
Suppose 21*b - 141 - 48 = 0. Suppose b*q = 247 + 4811. What is the hundreds digit of q?
5
Suppose 2*y - 3 - 5 = 0. Suppose 8*d - 4*d + 254 = w, 0 = d + 5*w + 74. What is the tens digit of y/(-8)*(d - -2)?
3
Suppose -12 = -12*b + 8*b. Suppose -2*j - 45 = b*j. Let l(o) = -o**3 - 8*o**2 - 10*o + 4. What is the hundreds digit of l(j)?
1
Let l(k) = -1571*k**2 + 22*k + 1. Let f be l(4). What is the units digit of 4*(-2)/28 - f/77?
5
Let w = -177 + 251. Let d = -65 + w. Suppose 528 = -d*c + 2193. What is the tens digit of c?
8
What is the tens digit of (-123)/39 + 16/104 + 1696?
9
What is the thousands digit of 196481/10 + (184/(-80))/23?
9
Let k be (19 + -4)/(-5) - -3. Suppose k = 37*t - 38*t + 4. Suppose -4*c + t*h + 108 = 0, -3*h = -2*c + 30 + 27. What is the tens digit of c?
2
Let y(c) = 46 - 5 + 14*c**2 + 26*c - 82 - 31. What is the hundreds digit of y(7)?
7
Let k = 56958 - 35545. What is the ten thousands digit of k?
2
Let b(f) = 6*f + 124. Let a be b(-21). What is the units digit of (10 + a)*402/12?
8
Let j be 4 + 0 + -22 + 342. Suppose -t + x = -2*t + j, 332 = t + 3*x. What is the units digit of t?
0
Let n(j) = -j**2 - j + 6. Let m be n(-3). Suppose 6*f = -m*f - 618. Let p = f - -220. What is the tens digit of p?
1
Let p(q) = q**3 + 18*q**2 + 43*q - 7. Let n be p(-15). Suppose -77 = 2*h + n. Let s = 30 - h. What is the tens digit of s?
8
Suppose 2*l + 119 - 123 = 0. Suppose -4*m = 2*w - 3*w + 154, 574 = 4*w - l*m. What is the tens digit of w?
4
What is the hundreds digit of (-2 - -4)*(-667953)/(-78)?
1
Let m(t) = 2*t**2 - 2*t + 4. Let o be m(0). Suppose -6*x = -x - 2*l - 2244, -o*x = -2*l - 1794. What is the hundreds digit of x?
4
Let p(o) = -1475*o**3 - 11*o**2 - 9*o + 12. What is the ten thousands digit of p(-2)?
1
Let z be ((-88)/(-14) + -2)/((-12)/84). Let p be (-3)/z*-4 + (-37)/(-5). Suppose -p*v + 956 = -269. What is the units digit of v?
5
Let n be (114/15)/((9/(-60))/(-3)). Let q = -268 + n. Let m = -113 - q. What is the units digit of m?
3
Suppose 6*b - 2*b = -24. Let h(y) = -5*y**2 - 6*y + 2. Let w be h(b). Let g = -85 - w. What is the tens digit of g?
5
Suppose c - 5*g = 3 + 19, 8 = 4*c - 4*g. Let p = 1048 - 1042. What is the tens digit of 74/p - (-6 - 16/c)?
1
Suppose 23*x - 11*x = -2*x + 159222. What is the ten thousands digit of x?
1
Suppose 10665 = 90*w - 245*w + 90180. Let d(t) = 45*t + 7. Let p be d(-5). Let l = p + w. What is the hundreds digit of l?
2
Let z be 2*9/(-6) - -3 - -22. Suppose 34 = 3*v + z. Suppose -v*a = -544 + 80. What is the hundreds digit of a?
1
Let u be -24*(9/(-12) + 16476/(-48)). Suppose 197*c - u = 189*c. What is the hundreds digit of c?
0
Let z(c) be the third derivative of -c**6/120 - 2*c**5/15 - c**4/2 + c**3/2 + 3*c**2. Let m be z(-6). Let i = m + 10. What is the tens digit of i?
1
Let b be 2 - 0 - (-25327)/31. Let u = -160 + b. What is the units digit of u?
9
Suppose -18*s = 10*s - 252. Suppose -s*x - 231 = -3687. What is the hundreds digit of x?
3
Let w(s) = s**3 + 68*s**2 - 220*s - 276. Let a be w(-71). Let f be 2 + (-1)/(-1*1). Suppose 382 = 2*y - f*d, 3*d = -2*y + 185 + a. What is the units digit of y?
7
Suppose -24 = -4*x + 2*g, -2*g + 6 = 3*x - x. Suppose 3*h + 2 = -4*r + 60, 58 = 3*r - x*h. Let t = r - -10. What is the units digit of t?
6
Let l be (-10)/4 + 5 + (-2230)/4. Let s = 687 - l. What is the tens digit of s?
4
Let a be (-34)/10 + 8/20. Let s(z) be the first derivative of -5*z**4/4 + 2*z**3/3 + 3*z**2/2 - 6*z + 1. What is the hundreds digit of s(a)?
1
Suppose 0 = -6*k + k + 30. Let u = k + 59. Suppose 9*g + 5*i - u = 4*g, -i - 20 = -2*g. What is the tens digit of g?
1
Suppose 7*g + 12 = 4*j + 3*g, -4*g - 30 = 5*j. Let o be (j/3)/(((-28)/(-30))/(-7)). Suppose 2 = -o*u - 3, -4*r + u = -429. What is the hundreds digit of r?
1
Let n(q) = q**3 - 7*q**2 + 6*q + 6. Let r be n(6). Let j(u) = 15*u**2 - 3 - r - 2*u**3 - 21*u**2 - 6*u. What is the units digit of j(-4)?
7
Let j(t) = 12*t**2 - t - 2. Let w be j(2). Let f = -4474 - -4437. Let i = w - f. What is the tens digit of i?
8
Let o(d) = 1 + 16*d - d**3 + 5*d**2 - 10*d**2 - 7 + 12. Let c be o(-7). Let p(y) = 4*y**2 + 18*y - 4. What is the tens digit of p(c)?
0
Let n = 48 - 38. What is the tens digit of (n - -2)*66/44?
1
Suppose 0 = -1208*y + 1216*y - 26264. What is the thousands digit of y?
3
Suppose 108*v = 100*v + 73848. What is the thousands digit of v?
9
Let s = 7227 + -7311. Suppose 3*h + 3*f = -21, -2*h - 4*f + 0*f - 12 = 0. Let x = h - s. What is the tens digit of x?
7
Suppose 34*m + 30336 = 100818. What is the tens digit of m?
7
Let i = 33515 + -21793. What is the thousands digit of i?
1
Let z be ((-16)/(-6))/(-8)*-9. Suppose -z*u = -7*u + 5*m + 3397, m = 4*u - 3409. What is the hundreds digit of u?
8
Let k(y) = 1966*y - 664. What is the hundreds digit of k(14)?
8
Let d(g) = -27*g + 12 + 3*g**2 - 3*g**2 + g**3 + 22*g + 10*g**2. Let x be d(-6). Let q = x - 108. What is the tens digit of q?
7
Let m(s) = -3 - 28*s**2 - 21*s**2 + 32*s + 48*s**2. What is the hundreds digit of m(17)?
2
Suppose 21 = -15*o + 12*o. Let s be (o/(-14) - (-12 - 1))*2. What is the tens digit of (-1 + 115)/1*18/s?
7
Let x be (5 - 0)*(-5 + 84/15). Let i(v) = x*v**2 - 2*v**2 + 18*v + 0 - 33. What is the tens digit of i(-24)?
1
Let p(t) = 16*t + 15*t - 6*t - 10. Let c(l) = 2*l**3 - 49*l**2 - 76*l - 48. Let b be c(26). What is the units digit of p(b)?
0
Suppose 20 = 2*c - 2*x, -3 = -2*c + x + 12. Suppose 2*z + c*s = 3*z + 14, -12 = -2*z + 2*s. Let y(v) = v**2 + 3*v - 20. What is the units digit of y(z)?
4
Let n = -2222 - -1084. Let o = -578 - n. What is the tens digit of o?
6
Let l = 42 - 52. Let x(r) = -r**2 - 11*r - 7. Let h be x(l). Suppose -48 = h*i - 204. What is the units digit of i?
2
What is the thousands digit of 137/1233 + (-53099)/(-9)?
5
Suppose -5*u + 23 - 43 = 4*p, 2*u = 4*p - 8. Suppose -7*k + 8*k - 258 = p. What is the units digit of k?
8
Let u be 2/((-2)/(-1)) - (-10 - 5). Suppose 4 = -s, 14 = 3*p + 3*s - u. Let t(f) = 3*f - 16. What is the units digit of t(p)?
6
Let x = 2834 + -1600. Let n = x - 642. What is the hundreds digit of n?
5
Let q = -101 + 153. Let d = 427 + q. What is the tens digit of d?
7
Let y = 13 - 8. Let o(a) = -18*a - 75. Let q be o(-9). Suppose 698 = y*s - q. What is the hundreds digit of s?
1
Suppose 77*r - 72*r = 25. Let z(l) = 2*l**2 - l + 5. What is the units digit of z(r)?
0
Suppose -193*w = -29*w - 45592. What is the hundreds digit of w?
2
Let t be 2996/(-8)*-2 - -1. Suppose 3 + 1 = -4*y, 3*m = 3*y + t. What is the hundreds digit of m?
2
Let a(i) = 2*i**3 - 22*i**2 + 8. Let u be a(11). Suppose p - 4*c - u = 0, -3*p - 5*c + 2 = -6*c. Suppose p + 15 = 5*f. What 